 prime factors of 78629.
61, 1289
List the prime factors of 541602.
2, 3, 30089
What are the prime factors of 14504926?
2, 7252463
List the prime factors of 139684.
2, 47, 743
What are the prime factors of 1256869?
19, 83, 797
List the prime factors of 117243.
3, 7, 1861
List the prime factors of 1725.
3, 5, 23
What are the prime factors of 23241599?
31, 749729
List the prime factors of 9214948.
2, 71, 457
What are the prime factors of 2149333?
359, 5987
What are the prime factors of 249881?
249881
List the prime factors of 486814.
2, 401, 607
What are the prime factors of 368801?
368801
What are the prime factors of 3144014?
2, 17, 89, 1039
List the prime factors of 189864.
2, 3, 293
What are the prime factors of 6291592?
2, 786449
List the prime factors of 1266576.
2, 3, 26387
List the prime factors of 1196811.
3, 7, 11, 157
What are the prime factors of 450840?
2, 3, 5, 13, 17
What are the prime factors of 22624267?
22624267
List the prime factors of 10710869.
13, 823913
What are the prime factors of 3184130?
2, 5, 149, 2137
What are the prime factors of 70461?
3, 7829
List the prime factors of 1216740.
2, 3, 5, 7, 2897
List the prime factors of 273267.
3, 29, 349
What are the prime factors of 3455774?
2, 7, 179, 197
List the prime factors of 6046934.
2, 17, 293, 607
List the prime factors of 3086334.
2, 3, 277, 619
List the prime factors of 838077.
3, 257, 1087
What are the prime factors of 114050?
2, 5, 2281
List the prime factors of 1031831.
1031831
List the prime factors of 893023.
893023
List the prime factors of 1311427.
13, 281, 359
What are the prime factors of 81480?
2, 3, 5, 7, 97
List the prime factors of 2200148.
2, 61, 71, 127
What are the prime factors of 4037745?
3, 5, 269183
List the prime factors of 2083481.
1069, 1949
List the prime factors of 478379.
11, 157, 277
List the prime factors of 3903003.
3, 13, 33359
List the prime factors of 667020.
2, 3, 5, 11117
List the prime factors of 4862761.
47, 157, 659
List the prime factors of 2052870.
2, 3, 5, 41, 1669
List the prime factors of 264986.
2, 47, 2819
List the prime factors of 23344652.
2, 29, 201247
What are the prime factors of 466125?
3, 5, 11, 113
List the prime factors of 17977262.
2, 17, 199, 2657
List the prime factors of 796733.
7, 113819
List the prime factors of 37263494.
2, 269, 69263
List the prime factors of 7118038.
2, 3559019
List the prime factors of 560864.
2, 17, 1031
List the prime factors of 350144.
2, 5471
What are the prime factors of 3794187?
3, 193, 6553
List the prime factors of 21308753.
21308753
List the prime factors of 513070.
2, 5, 51307
What are the prime factors of 366174?
2, 3, 6781
What are the prime factors of 5179191?
3, 19, 90863
List the prime factors of 7492152.
2, 3, 131, 2383
List the prime factors of 335100.
2, 3, 5, 1117
List the prime factors of 834154.
2, 569, 733
List the prime factors of 7183002.
2, 3, 1197167
List the prime factors of 683334.
2, 3, 37963
What are the prime factors of 74466?
2, 3, 7, 197
List the prime factors of 16065451.
16065451
What are the prime factors of 420152?
2, 29, 1811
What are the prime factors of 540005?
5, 17, 6353
What are the prime factors of 1133820?
2, 3, 5, 6299
List the prime factors of 1830058.
2, 915029
What are the prime factors of 22293692?
2, 29, 192187
What are the prime factors of 5903886?
2, 3, 139, 7079
List the prime factors of 193926.
2, 3, 32321
List the prime factors of 5003683.
1171, 4273
What are the prime factors of 8408371?
8408371
List the prime factors of 251064.
2, 3, 11, 317
What are the prime factors of 7729775?
5, 233, 1327
What are the prime factors of 2056178?
2, 1028089
List the prime factors of 5344470.
2, 3, 5, 43, 1381
List the prime factors of 191528.
2, 89, 269
List the prime factors of 6974070.
2, 3, 5, 31, 7499
List the prime factors of 1600251.
3, 31, 17207
What are the prime factors of 22268298?
2, 3, 13, 71, 4021
List the prime factors of 424534.
2, 11, 23, 839
List the prime factors of 15498711.
3, 23, 74873
What are the prime factors of 9503353?
47, 241, 839
What are the prime factors of 620788?
2, 7, 22171
List the prime factors of 7990629.
3, 17, 156679
What are the prime factors of 987572?
2, 149, 1657
List the prime factors of 6664716.
2, 3, 185131
List the prime factors of 2657519.
643, 4133
What are the prime factors of 18963607?
13, 41, 47, 757
What are the prime factors of 3949966?
2, 1974983
What are the prime factors of 365916?
2, 3, 30493
List the prime factors of 87339.
3, 7, 4159
What are the prime factors of 779064?
2, 3, 11, 13, 227
What are the prime factors of 8735114?
2, 4367557
What are the prime factors of 791275?
5, 31, 1021
What are the prime factors of 3006484?
2, 13, 17, 19, 179
List the prime factors of 1149819.
3, 11, 34843
List the prime factors of 521801.
7, 23, 463
List the prime factors of 7648436.
2, 17, 137, 821
What are the prime factors of 1543597?
11, 12757
List the prime factors of 1209503.
29, 179, 233
What are the prime factors of 9020127?
3, 97, 139, 223
List the prime factors of 5428481.
29, 187189
What are the prime factors of 13287357?
3, 947, 1559
What are the prime factors of 20454186?
2, 3, 3409031
List the prime factors of 6439889.
17, 378817
What are the prime factors of 2237829?
3, 11, 17, 3989
List the prime factors of 708341.
151, 4691
List the prime factors of 192964.
2, 19, 2539
List the prime factors of 1425783.
3, 31, 15331
What are the prime factors of 811607?
811607
List the prime factors of 150041.
150041
What are the prime factors of 442351?
7, 13, 4861
List the prime factors of 65575.
5, 43, 61
What are the prime factors of 87177?
3, 29059
List the prime factors of 40270.
2, 5, 4027
List the prime factors of 649968.
2, 3, 11, 1231
What are the prime factors of 2236210?
2, 5, 223621
What are the prime factors of 8224679?
379, 21701
What are the prime factors of 16630655?
5, 139, 23929
List the prime factors of 109660.
2, 5, 5483
List the prime factors of 644418.
2, 3, 35801
List the prime factors of 259162.
2, 129581
List the prime factors of 409338.
2, 3, 22741
What are the prime factors of 305972?
2, 76493
What are the prime factors of 55714?
2, 89, 313
What are the prime factors of 2650231?
2650231
What are the prime factors of 331454?
2, 103, 1609
List the prime factors of 12370066.
2, 29, 271, 787
What are the prime factors of 505846?
2, 11, 22993
List the prime factors of 133997.
47, 2851
What are the prime factors of 51065?
5, 7, 1459
List the prime factors of 1445026.
2, 11, 19, 3457
List the prime factors of 10906250.
2, 5, 349
What are the prime factors of 1078752?
2, 3, 17, 661
List the prime factors of 5863893.
3, 7, 103, 2711
What are the prime factors of 353351?
53, 59, 113
List the prime factors of 426943.
11, 37, 1049
What are the prime factors of 325910?
2, 5, 13, 23, 109
What are the prime factors of 61185?
3, 5, 4079
List the prime factors of 1395147.
3, 13, 83, 431
What are the prime factors of 458964?
2, 3, 11, 19, 61
What are the prime factors of 293201?
293201
List the prime factors of 193318.
2, 163, 593
What are the prime factors of 3710202?
2, 3, 29, 21323
List the prime factors of 6158277.
3, 617, 1109
What are the prime factors of 265074?
2, 3, 44179
What are the prime factors of 86354?
2, 43177
What are the prime factors of 3300715?
5, 11, 60013
List the prime factors of 1218719.
61, 19979
List the prime factors of 11760203.
7, 13, 9941
What are the prime factors of 137360?
2, 5, 17, 101
What are the prime factors of 2312328?
2, 3, 23, 59, 71
List the prime factors of 427736.
2, 127, 421
List the prime factors of 57430.
2, 5, 5743
What are the prime factors of 1105266?
2, 3, 184211
What are the prime factors of 2937895?
5, 587579
What are the prime factors of 3394128?
2, 3, 31, 2281
List the prime factors of 1601324.
2, 400331
List the prime factors of 690871.
690871
List the prime factors of 4376353.
4376353
What are the prime factors of 664816?
2, 37, 1123
What are the prime factors of 5313788?
2, 1328447
What are the prime factors of 86019?
3, 53, 541
What are the prime factors of 475260?
2, 3, 5, 89
List the prime factors of 734738.
2, 367369
List the prime factors of 607586.
2, 7, 43399
List the prime factors of 11624069.
191, 60859
What are the prime fac